). What is o(5)?
2
Let r be (27/(-36))/(2/(-16)). Let u(d) = 2 + 7 - 2 - 2*d + 0*d. Give u(r).
-5
Suppose -5*l = -m + 264 - 290, -l + 3*m = -22. Let q(a) = 2 - 2 + a**2 - 6*a. Determine q(l).
-8
Let k(b) = -b**2 + b + 20. Let s be k(5). Suppose -a + 1 + 1 = s. Let u(h) = -2*h**3 + 4*h - 3. Determine u(a).
-11
Let v(h) = -3*h**2 - 19*h - 10. Let u(a) = a**2 + 3*a. Let k(l) = 2*u(l) + v(l). Calculate k(-11).
12
Let r(v) be the first derivative of v**6/120 - 7*v**5/60 + 7*v**4/24 - v**3/6 - 13*v**2/2 - 17. Let b(q) be the second derivative of r(q). Give b(6).
5
Let h = -50 + 46. Let r(l) = 6*l + 6. Calculate r(h).
-18
Let i(w) = w**3 + w**2 - 3*w + 2. Suppose 2*u - 30 = -u. Suppose u*l - 9*l - 2 = 0. What is i(l)?
8
Let k be 32/20*(-20)/(-8). Let b(a) = 8*a - 25. Determine b(k).
7
Let b = -24 + 13. Let o(c) = -5*c**3 + 6*c**2 - c - 2. Let t(g) = -14*g**3 + 18*g**2 - 4*g - 5. Let a(n) = b*o(n) + 4*t(n). Give a(5).
2
Let w(o) be the second derivative of o**3/6 - o**2 + 3*o - 4. Give w(-1).
-3
Suppose -2*d - 20 = -3*o - 6*d, -3*o = -4*d - 28. Let l be ((-56)/21)/o + 11/(-3). Let k(a) = a**2 + 3*a - 5. Give k(l).
-1
Let s(z) = -12*z**3 - 11*z**2 - 7*z - 13. Let j(c) = -5*c**3 - 6*c**2 - 3*c - 7. Let a(u) = 5*j(u) - 2*s(u). Give a(-8).
-1
Let o = -1/194 - -146/97. Let p(u) be the first derivative of -3*u - u**3 - o*u**2 + 6. Calculate p(-2).
-9
Suppose p - 2*p + 2 = 0. Let i be (p/(-6))/(9/54). Let d(m) be the second derivative of m**5/20 + m**3/6 + 2*m. Determine d(i).
-10
Let t(q) = 17*q - 79. Let m be t(5). Let j(h) be the first derivative of -m*h + 1/2*h**2 + 4. Determine j(5).
-1
Let m(h) = 45*h - 29. Let u(l) = -36*l + 30. Let y(r) = -3*m(r) - 4*u(r). Give y(4).
3
Let a(b) = -b**3 + 5*b**2 - 3*b. Let n = 27 - 23. Suppose -g + 4*w - 10 = 0, -5*g + 0*w - 2 = -n*w. What is a(g)?
6
Let t(l) = -l**3 - 5*l**2 + 2*l + 2. Suppose 4*h = -5*b + 2*h - 160, 4*h + 80 = -2*b. Let a = b - -25. Determine t(a).
-8
Let u(i) = 3*i**2 + i. Let o be u(1). Let z(j) be the second derivative of -j**4/12 + j**3/3 + j**2/2 - 2*j - 20. Calculate z(o).
-7
Suppose 0 = 3*i - 5*a - 0 + 1, 0 = 3*i - 4*a - 1. Let n(o) = -2*o**2 + 4*o - 1. Let z(u) = 6*u**2 - 11*u + 3. Let y(v) = 8*n(v) + 3*z(v). Determine y(i).
16
Let k(s) = s**2 - 4*s - 1. Suppose p + 5 = -3*c, -5*c = -7*c - p - 4. Let m be (-17 + 15)*2*c. Give k(m).
-1
Suppose -2*a + 4*a = n + 5, 0 = -4*a - 5*n + 17. Let f be (0 - 1) + (4 - a). Let r(z) = 232*z - 9 - z**2 + 231*z + z**3 - 464*z. What is r(f)?
-9
Let j(a) = 2*a**2 - 7*a + 3. Let r(k) = -6*k**2 + 21*k - 3. Let m(l) = 3*l**2 - 10*l + 2. Let p(w) = 5*m(w) + 2*r(w). Let i(b) = -4*j(b) + 3*p(b). Give i(-5).
5
Let o = 286 + -279. Let q(r) = r**3 - 8*r**2 + 8*r - 3. Determine q(o).
4
Let g = -8 + 10. Suppose -g*y + 5*y - 6 = 0. Let t(s) = -3*s - 18*s**y + 17*s**2 - s. Calculate t(-4).
0
Let f be 4/3*(1 + 2). Let i(r) = 4*r - 5 + 0 + r - 4*r. Let m(o) = o - 6. Let s(g) = 4*i(g) - 3*m(g). Calculate s(f).
2
Let l be (-57)/15 - (-1)/(-5). Let c(i) = 8*i**3 + 3*i**2 + 28*i + 12. Let s(u) = 7*u**3 + 3*u**2 + 24*u + 11. Let q(r) = -6*c(r) + 7*s(r). Determine q(l).
-11
Let t(o) = -2*o**3 - 1. Let r be t(-1). Let l(s) be the third derivative of s**6/30 + s**4/12 - s**3/6 - 8*s**2. Give l(r).
5
Let o(y) = 8*y + 214. Let l be o(-26). Let t(k) be the third derivative of -k**5/60 + 3*k**4/8 + 4*k**3/3 + 2*k**2. Give t(l).
26
Let n be -12*(-8 + 5)/(-9) + 17. Let l(p) = p**2 - 14*p + 9. Calculate l(n).
-4
Let p(y) = -y**2 - 9*y - 4. Suppose -32*n = -2*n + 210. Give p(n).
10
Let k(x) = -x**3 - 8*x**2 + 8*x + 6. Suppose -5*p + 0*j - 45 = -3*j, 0 = -2*p + 2*j - 18. Give k(p).
15
Suppose 3*b - 6*b = -g + 3, 3*b + 9 = 3*g. Let x(s) be the second derivative of -s**4/12 + s**3/2 - s**2 - 90*s. Give x(g).
-2
Let g(c) = -72*c**3 + 78*c**3 - 31*c**2 + 32*c**2. Suppose -5*o = -2*o - 3. Calculate g(o).
7
Let f(g) = -g + 6. Let l(n) = -n**2 + n. Suppose 2*c - 3 = -z, z - 2 - 3 = -3*c. Let p be l(z). Let w(x) = 2*x**2 + x. Let m be w(p). Calculate f(m).
0
Let d = -18 + 12. Let k(n) = n**2 + 2*n - 15. Let v be k(5). Let j(b) = -23 - 2*b + 55 - v - 17. Calculate j(d).
7
Let t(v) = -v**3 - 5*v**2 - 5*v - 4. Suppose 2*y + 1 = 2*p + 3, -4*p = 20. Calculate t(y).
0
Suppose -2*r + 5*r = 5*p + 2, 4*r - 18 = -p. Let s(t) = 0 + 6 - 4 + r - t**3 - 8*t**2 - 7*t. Determine s(-7).
6
Let p(a) = a**3 - 3*a**2 - 14*a + 37. Let b be p(3). Let n(s) = s**2 + 9*s. Calculate n(b).
-20
Let x(o) = o + 4. Let w be (-63)/63*0/(-1). Calculate x(w).
4
Let y(o) be the first derivative of o**6/120 - o**5/20 + o**4/12 + 2*o**3/3 + 23*o**2/2 - 25. Let t(h) be the second derivative of y(h). Calculate t(3).
10
Let a(z) = 5 - 37*z - 3 + 21*z + 0 - 2*z**2 + 19*z. Determine a(-3).
-25
Let m(t) = -5*t - 11. Suppose 18 = 3*r + 12. Let k(z) = -7*z - 12. Let i(c) = r*k(c) - 3*m(c). Determine i(-7).
2
Let s be (-8 - (-28)/(-7)) + 12. Let q(o) be the third derivative of 2*o**2 + s*o + 1/3*o**3 + 0 - 1/12*o**4. Determine q(-2).
6
Let q = 845 - 842. Let o(u) = -u**3 + 2*u**2 - u + 3. What is o(q)?
-9
Suppose -7*i = -3*m - 4*i, -5*m - 3*i = -32. Let j(s) = -2*s**2 + 3*s**2 - 2*s**2 + m*s + 0*s**2. What is j(5)?
-5
Let p(l) = 10*l - 13 - 6*l**2 - 21*l + 5*l**2. What is p(-10)?
-3
Let s(u) = u**2 - 2*u - 7 - 4*u - 1. Let w be 0 - 85/(5 + 0). Let p = w - -24. Give s(p).
-1
Let d(v) be the second derivative of -v**5/20 - v**4/3 + 5*v**3/6 + 3*v**2/2 + 49*v. Calculate d(-5).
3
Let h be -3 + 4 + -2 + -1. Let g be h/((-14)/(-4) - 4). Let q(b) = 9*b**2 + b - 4*b + g*b. Calculate q(-1).
8
Let t(v) = 2*v - 1. Let o(u) = 4*u - 2. Let q(m) = 3*o(m) - 7*t(m). Suppose 8*l = -2884 + 2908. Calculate q(l).
-5
Let z(i) = 11*i**2 + 5. Let l(f) = 10*f**2 + 4. Let x(c) = -5*l(c) + 4*z(c). What is x(1)?
-6
Let b be -1 + 20/60 + 11/3. Let u(o) = 2*o. Calculate u(b).
6
Let k(f) = f**2 - 13 - 1 + 0*f**2 - 4*f + 19. Determine k(4).
5
Suppose -486 = -6*s + 3*s. Suppose -j = 3*j + 5*g + 123, 5*j - 2*g = -s. Let q be ((-72)/j)/((-6)/(-16)). Let v(k) = -k**3 + 6*k**2 + 2*k - 9. What is v(q)?
3
Let r = -34 - -36. Let s(t) = -t**2 + 5*t**2 - 2*t**2 - 2 + t - r*t**3 - t**2. What is s(-2)?
16
Suppose 5*y - 2 = n + y, n - 2 = 2*y. Let d(v) = 3 - n*v + 6 - v**2 + 11*v + 2*v. Suppose t - 3*t = -16. What is d(t)?
1
Let w(v) be the second derivative of v**5/20 - 2*v**3/3 - 2*v**2 + 474*v. Calculate w(-4).
-52
Let q(f) = -f**3 + 5*f**2 - f - 3. Let c(o) be the second derivative of 1/20*o**5 + 3/2*o**2 + 1/12*o**4 + 0 - 1/3*o**3 + 10*o. Let t be c(0). What is q(t)?
12
Let r(c) = c**3 + 6*c**2 - 6*c + 10. Let p = 10 - -7. Suppose 5*n + 144 - 24 = 0. Let a = p + n. Determine r(a).
3
Let a(r) = -r + 9. Let l(z) = -2*z**3 - 3*z**2 - 5*z - 6. Let x be l(-2). Give a(x).
1
Let b(y) be the third derivative of 5*y**4/12 - y**3/6 + 2*y**2 + 8. What is b(1)?
9
Let o(x) = 2*x**2 + 13*x - 1. Let i be o(-6). Suppose 7*y = 1 + 13. Let q(a) = -33*a**2 + 3 + 34*a**y + 5*a - 4 - 2. Determine q(i).
11
Let i = -91 - -93. Let c(n) = -3*n**2 - 3*n**3 + 3*n**2 + 5*n**3 - 3 + 4*n**i. Determine c(-3).
-21
Suppose -2*j = -4*u - 12, 3*j - 3*u + u - 18 = 0. Let o(b) be the third derivative of b**5/60 - b**4/4 - 73*b**2. Give o(j).
0
Let u(g) = -g - 3. Let z be (-24)/(-36) - (-4)/3. Let i(l) = 14*l - 25. Let q be i(z). Calculate u(q).
-6
Let j = -46 + 32. Let k = 13 + j. Let h(g) = 5*g**2 + g + 1. Determine h(k).
5
Let j(u) be the third derivative of 0*u - 1/60*u**5 - 11*u**2 + 5/6*u**3 - 1/24*u**4 + 0. Let r be (-1 - -1)/(17 - 16). Give j(r).
5
Let w(n) = -16*n + 7*n**2 + 32*n + 0*n**2 - 15*n. Let o = -13 + 9. Let b be (-6)/4 - 2/o. What is w(b)?
6
Suppose -2*w = -0*w + 36. Let t = -15 - w. Suppose -2*s - 12 = 5*o, 4*o = -4*s + t*o - 24. Let v(f) = -f**2 - 9*f - 8. Determine v(s).
10
Let n(k) be the first derivative of -2*k**3/3 - k**2/2 + 2*k - 67. Give n(1).
-1
Let f = 14 - 8. Suppose h = -2*h + f. Let j(s) = 23*s**3 + s**h - 8*s**2 - 22*s**3 - 6 + 6*s. Determine j(6).
-6
Let g(b) be the second derivative of -b**4/4 + b**3/2 - b**2/2 - 710*b. What is g(2)?
-7
Let h(p) = -p**2 - p + 2. Let l(f) = 2*f - 3. Let s be l(2). Let o be (s/(-2))/(2/80). Let z = o - -17. Give h(z).
-4
Let t be (54 + -53)/(1/(-9)). Let v(s) = -6*s - 58. Determine v(t).
-4
Let d(r) = 6*r - 27. Let f be d(6). Let g(y) = y**3 - 6*y